p and 16.
16
Let h(l) = l**2 + 8. Let b be h(-5). What is the greatest common factor of b and 3?
3
Let c(y) = -26*y + 2 - 5 + 1 - 6. Let n be c(-10). Calculate the greatest common factor of n and 28.
28
Suppose v = 4*l + 34, -v + 4 = -l - 15. Let u = v + 3. Calculate the highest common factor of u and 187.
17
Let b(c) = -c + 2. Let n = -5 + 7. Suppose n*j + 10 = -3*j. Let k be b(j). Calculate the greatest common factor of k and 8.
4
Suppose -75 = -a - 4*a. Let y(f) be the second derivative of -f**3/3 - f**2 - 2*f. Let k be y(-4). Calculate the highest common factor of a and k.
3
Suppose 0*n - 5*t = -3*n + 161, 5*t + 275 = 5*n. Let s = -41 + n. Calculate the highest common factor of 48 and s.
16
Let l be 0 - (-22 - (-1)/(-1)). Suppose 13 = 2*z - a + 2*a, 0 = -4*z - 5*a + l. Let d be z*1 - (6 + -7). What is the greatest common divisor of 1 and d?
1
Let h = 121 - 71. Suppose -h = -2*q - 10. Suppose -3*n + 5*x + 60 + 30 = 0, -3*n + 2*x = -90. What is the greatest common divisor of n and q?
10
Suppose -14 = -4*a + 5*a. Let f = -8 - a. What is the highest common divisor of 6 and f?
6
Let h = 10 - 10. Suppose -3*w - 2*w - 3*l + 372 = h, 0 = 3*w + l - 220. Let v(g) = 6*g - 3. Let z be v(2). What is the highest common divisor of z and w?
9
Let q = 4 - -4. Let x be (-181)/(-6) + q/(-48). Calculate the highest common factor of x and 10.
10
Suppose p = x - 2*p + 15, 5*x + 5*p + 35 = 0. Let a be 3*(0 + (-15)/x). Calculate the greatest common factor of 5 and a.
5
Let u(b) = b**3 - 8*b**2 + 9*b - 8. Suppose -3*i - 2*d + 33 = 2*i, i - 10 = 3*d. Let v be u(i). Calculate the greatest common factor of 3 and v.
3
Let u(x) = -x + 7. Let b be u(4). Suppose 3*s - b*k = -8*k + 8, s = -k + 2. What is the greatest common factor of s and 2?
1
Let a be 3*1 - (-9 + 7). Calculate the highest common divisor of a and 15.
5
Suppose 27 = 5*k - 2*h, 2*k - 7 = -6*h + 3*h. Calculate the highest common factor of 25 and k.
5
Let m = 5 - 6. Let z be 908/16 + m/(-4). Suppose 3*a - 3*v - z = 0, -a + 4*v + 44 = a. What is the highest common divisor of a and 112?
16
Suppose 23*t - 13*t - 130 = 0. Let r be -1 - (-3)/(6/80). Calculate the greatest common divisor of r and t.
13
Let c be -12*((-21)/(-6) + -3). Let s be (-13)/(-3) + c/(-9). Suppose s*v = 2*v + 45. Calculate the greatest common divisor of 60 and v.
15
Let b = -158 + 228. Calculate the greatest common divisor of 14 and b.
14
Let z(w) = w**2 - 8. Let b be z(5). What is the greatest common factor of b and 187?
17
Let b(y) = 49*y + 7. Let w be b(3). Let l = 18 + -4. Calculate the highest common factor of l and w.
14
Let i = -5 + 13. Let g be -1 - (6/2 - 7). Suppose 13 + g = 2*s. What is the highest common divisor of i and s?
8
Let d be -9*(1 - (-1 - -5)). Calculate the greatest common divisor of 9 and d.
9
Let y = 30 + -20. Suppose 2*u - y = -0. Suppose 0 = 5*p + 2*t - 3 - 1, -4 = 4*p + 4*t. What is the greatest common factor of p and u?
1
Let t be (5/4)/((-1)/(-4)). Calculate the greatest common factor of t and 20.
5
Let t(w) = -6*w + 1. Let q be t(1). Let a = q - -15. What is the greatest common factor of 30 and a?
10
Suppose -m = 2*d - 6, 4*m - 28 - 40 = 3*d. Let c = -94 + 178. Calculate the highest common divisor of c and m.
14
Let h(n) = -n + 10. Let t be h(5). Suppose -2*z = -t*m - 39 + 14, 3*z + 43 = -4*m. Let v = m + 13. Calculate the highest common divisor of 42 and v.
6
Suppose 5*f + 6 = -4. Let j be (-12)/2*5/f. What is the greatest common divisor of j and 3?
3
Let s(b) = -40*b + 10. Let c be s(-3). Calculate the greatest common divisor of 52 and c.
26
Suppose 2*u + 10 - 34 = 0. Calculate the greatest common divisor of u and 12.
12
Let i be (2/(-3))/((-3)/9). Suppose -2*j + h = -5, -j + i = -4*h - 4. Suppose -j*a = y + 6, -y + a = -2*a - 19. Calculate the highest common divisor of y and 2.
2
Let k(s) = -s + 1. Let x be k(-1). Suppose 4*p - 342 + x = 0. Calculate the greatest common factor of p and 34.
17
Suppose 0 = 2*f + 2*f + 3*q - 438, 0 = 5*f + q - 542. Let b = -36 + f. Calculate the greatest common factor of 8 and b.
8
Suppose -o + 4*f = 20 + 9, -102 = 3*o + 3*f. Let j be (-418)/o*6/4. Let v = 45 + 164. What is the highest common divisor of v and j?
19
Let r be 12/(-4 + 6 - 1). Calculate the greatest common factor of 84 and r.
12
Let s(d) = -4*d + 3*d + d - 2*d. Let f be s(-6). Calculate the greatest common factor of 132 and f.
12
Let s(r) = r**3 + 1. Let k be s(1). Suppose k*t - 32 = -2*t. What is the highest common factor of 4 and t?
4
Suppose -5*k = -4*b + 42, 4*b + 5*k + 18 = 40. Let h be 0 - 2 - -56 - -2. Calculate the greatest common divisor of h and b.
8
Let t(r) = r**2 - 5*r + 3. Let z be t(4). Let u = z + 1. Let b(q) = q**3 + q**2 + q + 60. Let n be b(u). Calculate the greatest common factor of 15 and n.
15
Suppose 4*p + 3 = 3*p, 45 = 3*m + 5*p. What is the highest common factor of 4 and m?
4
Let d(b) = b**2 + 2*b + 4. Let x be d(0). What is the highest common divisor of x and 32?
4
Suppose 4*i - 56 = 3*q + q, 4*q + 26 = i. Suppose 8 = -4*f - 2*l, 4*l - 2*l + 4 = 0. Let d = i + f. Calculate the highest common factor of d and 1.
1
Suppose 3*a + 6 = o + a, -52 = -2*o - 4*a. What is the greatest common factor of o and 8?
8
Let i = -18 + 7. Let c be i/(-1) - (4 - 8). Calculate the greatest common divisor of c and 105.
15
Let n be 146 - -1 - 0 - 2. What is the highest common divisor of 58 and n?
29
Let a be ((-132)/(-5))/((-4)/(-20)). Calculate the highest common factor of a and 12.
12
Suppose -3*v = -p - 163, -4*v - 2*p = -0*p - 224. Let r(b) = 3*b**2 + b + 1. Let j be r(-2). Calculate the greatest common divisor of j and v.
11
Suppose c = -4*c + 4*y + 105, y + 63 = 3*c. Let s be (-3*1)/(c/(-140)). Suppose -s = 3*j - 8*j. What is the greatest common divisor of 1 and j?
1
Let k be (-30)/9*(-9)/6. Suppose -2*d - k*w = 329, 4*d - 5*d - 167 = 3*w. Let v be (3 - (d - -3))/1. Calculate the greatest common factor of 19 and v.
19
Let l be (90/(-20))/(1/(-2)). Let u = 46 + -19. Calculate the greatest common divisor of l and u.
9
Let x = 21 - 15. What is the greatest common divisor of x and 78?
6
Suppose 2*f = -3*x - 15, -2*f - 13 = 3*x + 2*x. Let w(z) = 2*z**2 + 2*z - 12. Let y be w(f). Calculate the highest common factor of y and 22.
22
Let f = 35 - 18. Calculate the highest common divisor of f and 17.
17
Suppose -p - 3*w = 1, -3*p + 3 = -p + w. Suppose p*y + 106 = 4*s - 0*y, 5*y = -3*s + 99. Calculate the greatest common factor of 7 and s.
7
Let y = -3 - -5. Suppose -16*m + 503 = 151. Calculate the highest common factor of y and m.
2
Let k(c) = -3*c + 0*c + 4*c. Let i be k(3). Calculate the greatest common divisor of 33 and i.
3
Let i(m) = 12*m + 2. Let w be i(-5). Let s(u) = -u**2 + 2. Let k be s(4). Let a = k - w. Calculate the highest common divisor of 4 and a.
4
Let n(h) = h - 2. Let g be n(4). Suppose -g*q = 4*x - q - 58, -4*x + 2*q + 64 = 0. Calculate the greatest common factor of x and 15.
15
Let w(v) = v. Suppose 0 = -0*n + 3*n + 27. Let m be (7/7)/((-1)/n). Let o be w(m). Calculate the greatest common divisor of 90 and o.
9
Suppose 4*u - 42 = u. Suppose -3*p + k + u = -31, 4*k = 4*p - 60. What is the greatest common divisor of p and 30?
15
Let k = -50 + 32. Let q = k - -26. Let r = 11 + -3. Calculate the highest common divisor of r and q.
8
Let s = 26 - 41. Let g be 3/(0 + (-9)/s). Suppose g = -n + 14. What is the highest common divisor of n and 36?
9
Suppose -2*d = -r + 14 + 10, 5*d + 15 = 0. Let o = -37 + 21. Let q = o + 28. Calculate the highest common factor of r and q.
6
Let b = -4 + 4. Let n be 45 + (0 - 1) + b. Suppose -4*d = -4*t - d + n, -3*t = d - 46. Calculate the highest common divisor of t and 28.
14
Suppose 5*c - 8 = 2*b - 2, -c = b - 4. Let v = c + -2. Suppose 2*x + v*x - 216 = 4*t, -4*t = x - 120. What is the greatest common divisor of x and 16?
16
Suppose -g = g + 3*v + 9, -g - 17 = 4*v. Suppose g*a = 5*u - 2 + 6, -4*a + u = -11. Calculate the highest common divisor of 24 and a.
3
Let t(s) = -s**2 - 12*s - 9. Let k be t(-8). Suppose -2*m + 0 = -r - k, 55 = 5*m - 2*r. What is the highest common divisor of m and 18?
9
Let z(d) = d**3 - 2 - 4*d**2 - 2 + 2*d**2. Let p be z(3). Let u = 1 + p. Calculate the highest common divisor of 24 and u.
6
Let m be (1 + 1)/(6/(-9)). Let k be (17 + (m - 